58
In base 11, what is 13 - 1171730?
-1171718
In base 2, what is -1001010100100000101010110 + -1011?
-1001010100100000101100001
In base 12, what is 3 - -45910b?
459112
In base 10, what is -2 - -31009265?
31009263
In base 9, what is -16265 + -1480?
-17755
In base 12, what is -92 + -3817?
-38a9
In base 8, what is -1022733 - -1175?
-1021536
In base 6, what is -110 - -1223042020?
1223041510
In base 3, what is 1111002 - -102202211?
111020220
In base 6, what is 13002 - 240123?
-223121
In base 10, what is -98377180 - 0?
-98377180
In base 16, what is 11ce6 + 46?
11d2c
In base 9, what is 330 - 1000606?
-1000266
In base 5, what is -1041 - -1343001413?
1343000322
In base 16, what is -320ed - -58?
-32095
In base 15, what is 220ae9 - -2?
220aeb
In base 10, what is -5517 - -302?
-5215
In base 12, what is -1b0 + -a520?
-a710
In base 3, what is 2010001212122012 - 10?
2010001212122002
In base 7, what is -11155625 + -14?
-11155642
In base 11, what is 1 + 34406879?
3440687a
In base 13, what is 221b + -1bc?
202c
In base 6, what is -2 + -15033424515?
-15033424521
In base 4, what is -10303032332 - 11?
-10303033003
In base 16, what is -228cf3 - 58?
-228d4b
In base 6, what is -242105033 + 1?
-242105032
In base 6, what is 13200322133 - -2?
13200322135
In base 11, what is -27 - 36a206?
-36a232
In base 7, what is 200240 + 2022?
202262
In base 10, what is -1272 - -65471?
64199
In base 12, what is -270 - -5518?
5268
In base 10, what is 2666374 - -2?
2666376
In base 15, what is 1 + -40e03?
-40e02
In base 7, what is -216524 + 1101?
-215423
In base 11, what is 5826 - -6423?
11149
In base 8, what is -27047 + -566?
-27635
In base 7, what is 1433654024 + -1?
1433654023
In base 12, what is -3 - -36a4a8a?
36a4a87
In base 16, what is 28b0 + -1df?
26d1
In base 16, what is 231 - -4428?
4659
In base 16, what is 0 + f8dc9?
f8dc9
In base 5, what is -31430324 + 133330?
-31241444
In base 3, what is -110021 - -2011001212100?
2011001102002
In base 3, what is 1012202 + 210000012?
211012221
In base 16, what is -18a1 - -52a5?
3a04
In base 13, what is 2a7c4c3b + -1?
2a7c4c3a
In base 5, what is -434 + 111004?
110020
In base 16, what is 30041 - -b?
3004c
In base 4, what is 302 + -2132102123?
-2132101221
In base 15, what is 2a2d - -2677?
51a5
In base 8, what is -11 + 33477355?
33477344
In base 15, what is -89ea4 + -21?
-89ec5
In base 9, what is -222 - 122067?
-122300
In base 4, what is 22111100101 + -10?
22111100031
In base 13, what is -733703 + 9?
-7336c7
In base 5, what is -14003 - -1123044?
1104041
In base 9, what is 0 + -60523?
-60523
In base 15, what is 2 + -98db1a0?
-98db19d
In base 16, what is -7b + a3a766?
a3a6eb
In base 10, what is 20 - -6631862?
6631882
In base 14, what is b03d577 + 3?
b03d57a
In base 15, what is -1247 + 3969?
2722
In base 11, what is -5 - 83988179?
-83988183
In base 14, what is -5 - 232bc2?
-232bc7
In base 5, what is 234322202 - 434?
234321213
In base 2, what is 10110011110110010111011001011 - -11?
10110011110110010111011001110
In base 3, what is 12111020 - 1210011020?
-1120200000
In base 10, what is -10 - 671141?
-671151
In base 3, what is -10001 + 12100112212222?
12100112202221
In base 11, what is 4 + 1a32976?
1a3297a
In base 5, what is 1110220321 - 4?
1110220312
In base 3, what is 111022100 - 11202110211?
-11021011111
In base 13, what is 2 + -ac249c?
-ac249a
In base 5, what is -32112114313 - 1?
-32112114314
In base 16, what is -a1 + -fe99?
-ff3a
In base 8, what is -5363 - 3441?
-11024
In base 12, what is -4a3314 - -34?
-4a32a0
In base 14, what is -50c0 + -a83?
-5b63
In base 5, what is 2031341024 - -30?
2031341104
In base 6, what is -5355411132 + -4?
-5355411140
In base 6, what is -5050033 + 2151?
-5043442
In base 12, what is -15 - -15b488?
15b473
In base 5, what is -2042334 - -42?
-2042242
In base 10, what is 34860 - -2483?
37343
In base 10, what is -4166 - 1285?
-5451
In base 15, what is 31 + -eec?
-ebb
In base 14, what is 54534 + -331?
54203
In base 6, what is -12424453 + -41?
-12424534
In base 11, what is a4556 + -2a?
a4527
In base 14, what is -28cd881 - 5?
-28cd886
In base 16, what is -55b5 - -42b?
-518a
In base 2, what is -110101001111110101000000 + -1010?
-110101001111110101001010
In base 6, what is 223 - -4531412?
4532035
In base 16, what is 595ef + 118?
59707
In base 2, what is 1100000100 - 10000000110011001001?
-10000000100111000101
In base 16, what is -9 + 100d23?
100d1a
In base 13, what is 1010 + 1002b?
1103b
In base 8, what is -344 + -1237135?
-1237501
In base 2, what is 100000110 + 101110101000011000?
101110101100011110
In base 7, what is 226244261 - 3?
226244255
In base 9, what is -4 + -361273812?
-361273816
In base 2, what is 100010001011001110 - 100111001010?
100001100100000100
In base 9, what is 101 + -5251057?
-5250856
In base 16, what is -16ab + -597f?
-702a
In base 7, what is -5 + 266452053?
266452045
In base 4, what is 3 - 1200103032?
-1200103023
In base 9, what is 52554 - 6466?
45077
In base 16, what is -fd - 7b3c3?
-7b4c0
In base 16, what is -7c9106 - 5?
-7c910b
In base 12, what is b - -a6462b?
a6463a
In base 15, what is 4e - -8ab05c?
8ab0ab
In base 11, what is -125846 - 248?
-125a93
In base 9, what is -11 + -5373464?
-5373475
In base 10, what is -761219 + -429?
-761648
In base 3, what is -1 - 1000002021220010?
-1000002021220011
In base 15, what is -11934d8 + -5?
-11934dd
In base 12, what is -a33 + 2520?
16a9
In base 4, what is 1103231000 + -31131?
1103133203
In base 3, what is 2 + 11012122202220?
11012122202222
In base 11, what is 15a50 + -1725?
14326
In base 9, what is 20514128 - -1?
20514130
In base 14, what is -1 + 904d?
904c
In base 7, what is -312 + -13564603?
-13565215
In base 11, what is 20a14 - -55?
20a69
In base 7, what is 1322551 - -20?
1322601
In base 5, what is 31 + 211244110312?
211244110343
In base 16, what is -409a0 + -1a3?
-40b43
In base 9, what is -17372165 - 5?
-17372171
In base 6, what is 2014550 + -3054?
2011452
In base 14, what is -6386805 + 3?
-6386802
In base 15, what is 0 + 11db2ace?
11db2ace
In base 6, what is 103 + -45351312?
-45351205
In base 12, what is -936 + 10297?
b561
In base 15, what is -9eb1ad + 4?
-9eb1a9
In base 5, what is -4314423331443 + -2?
-4314423332000
In base 4, what is -11033332333 + 1011?
-11033331322
In base 10, what is -2 + 2405430?
2405428
In base 11, what is -1 + 1a01835?
1a01834
In base 15, what is 72 + 58e517?
58e589
In base 8, what is 5674423174 - -2?
5674423176
In base 5, what is -24423411141 + 14?
-24423411122
In base 12, what is -5a016 + -128?
-5a142
In base 5, what is -14014003122 + 3?
-14014003114
In base 13, what is -6854 + 12c0?
-5564
In base 13, what is -b4939b - -4?
-b49397
In base 11, what is 4023136 - 2?
4023134
In base 7, what is 5 + 33234250?
33234255
In base 10, what is -12608594 + 5?
-12608589
In base 11, what is -36 - -5587a?
55844
In base 16, what is bd5c1d - 1?
bd5c1c
In base 14, what is -44098 - 462?
-4451a
In base 4, what is -11 + 1020212230130?
1020212230113
In base 6, what is 252513132 - -2?
252513134
In base 6, what is 1153204 - -123120?
1320324
In base 15, what is 3796507 + 2?
3796509
In base 11, what is 67561 - -5?
67566
In base 10, what is 538838537 + -5?
538838532
In base 12, what is -443a + 698?
-3962
In base 16, what is 3 + 4a403?
4a406
In base 15, what is 0 + 1220b9b5?
1220b9b5
In base 11, what is 476573 + -65?
476509
In base 15, what is 34 - 4b4a6d?
-4b4a39
In base 9, what is -3 + -754524101?
-754524104
In base 15, what is -95 - -8e743e?
8e7399
In base 15, what is 31badd - -3?
31bae1
In base 13, what is -67b59 - b24?
-68980
In base 10, what is 140 - 60155?
-60015
In base 7, what is 1052 + -43040?
-41655
In base 7, what is -3 - 26051156?
-26051162
In base 13, what is -c - -618369?
61835a
In base 8, what is -37 + -1471412?
-1471451
In base 8, what is -1 + -62476406?
-62476407
In base 13, what is -1822 + -3530?
-5052
In base 7, what is 3 - -166532046?
166532052
In base 13, what is -115c3 - -26?
-1159a
In base 3, what is -20111000101121 + -12?
-20111000101210
In base 15, what is -3139d - 15d4?
-32982
In base 12, what is 38b0a2132 - -5?
38b0a2137
In base 2, what is -10001010000001000101100000 + -1?
-10001010000001000101100001
In base 12, what is -30b0 + 6114?
3024
In base 4, what is -1302 + 11131003?
11123101
In base 4, what is -1 - 101313103010?
-101313103011
